. What are the prime factors of v?
29
Let b = -13 - -14. List the prime factors of (-14)/(-14)*37/b.
37
Let j be -1 + (-12 - (1 - 2)). Let c = j - -21. What are the prime factors of c?
3
Let a = 5 - 5. Let s be a + 3*(-6)/(-9). Suppose 0 = g - s*g + 5. What are the prime factors of g?
5
Let b = 2 - -5. Suppose b = z - 3. List the prime factors of z.
2, 5
Let k(q) = -2*q**2 + 2*q + 5. Let v be k(5). Let n = -23 - v. What are the prime factors of (-1 + n/9)*6?
2
Let a(s) = -s**2 - 35*s - 73. What are the prime factors of a(-22)?
3, 71
Let x(r) = -r**2 - 9*r + 6. Let s = -22 - -17. List the prime factors of x(s).
2, 13
List the prime factors of -6*7*(1 - 2).
2, 3, 7
Suppose -2*r = -0 - 4. Suppose -3*d + 9 = a + r*d, 4 = 4*d. What are the prime factors of a?
2
Let h = 4 + -3. Let v = h + 2. List the prime factors of v.
3
Suppose 4*u - 6 = 10, 3*o - 4*u - 2 = 0. Suppose d = 3*d - o. Suppose m - 3 = 3*p, -2*m = -7*m + d*p + 39. What are the prime factors of m?
3
Let g = -125 - -183. What are the prime factors of g?
2, 29
Suppose 0*l - 2*p - 14 = -3*l, p + 4 = l. Let k = 15 + l. List the prime factors of k.
3, 7
Let o(d) = d**3 - 3*d**2 - 5*d + 3. Let x be o(4). Let b(r) = -7*r**3 + r**2. List the prime factors of b(x).
2
Suppose -610 = -7*f + 615. List the prime factors of f.
5, 7
Let f be 2 + 6 + -1 - 0. Let c be 0 + 192/84 + 4/(-14). What are the prime factors of (-28)/(-10)*(f - c)?
2, 7
Suppose p - v = 5, 3*v = -2*p - 0*p - 15. Suppose p = 5*q + 5*s - 5, 5*s - 1 = 4*s. Suppose 4*o + 4*a - 12 = q, 0 = a + 5. What are the prime factors of o?
2
Suppose 7 = 4*m - 1, -3*m = -b + 6. Let t be 4*(207/b)/3. Let c = t + -9. List the prime factors of c.
2, 7
Let s be ((-9)/2)/(3/4). Let k be -2 + -12 - -1*1. Let c = s - k. What are the prime factors of c?
7
Let n = -136 - -145. List the prime factors of n.
3
Let m(l) = 2*l + 3. Let j be m(-9). Let q = 8 - j. List the prime factors of q.
23
Let d(k) = k**2 + 5*k + 6. Let f be d(-5). Let x = 11 - f. Let v = x + -3. What are the prime factors of v?
2
Suppose 0*w + w = 5. Let m be (-21)/(w + -2) - 0. Let q(k) = -k**3 - 7*k**2 - k + 5. List the prime factors of q(m).
2, 3
Suppose -440 = -3*q + 151. Suppose 4*h - 280 = 3*s, 0*h + 3*h + s - q = 0. Let n = h - 48. What are the prime factors of n?
19
Suppose 194 = 4*x + 3*r, -3*x + 135 = -0*x - 3*r. List the prime factors of x.
47
Let y(t) be the second derivative of t**4/12 - 5*t**3/6 - 2*t**2 - 2*t. Let o(b) = 6*b + 1. Let q be o(1). List the prime factors of y(q).
2, 5
Let u = 4 - -1. Let r = 7 - 5. Let n = r + u. List the prime factors of n.
7
Let f(b) = 2 + b - 2*b - 1. Let x be -3 + -2 - (-1)/(-1). List the prime factors of f(x).
7
Suppose 0 = -3*z + 227 + 22. Suppose 2*t = -4*n + 62, 8*n - 3*n - 3*t = z. List the prime factors of n.
2
Suppose 4*m - m = -63. Let c = -17 - m. List the prime factors of c.
2
Suppose -168 = -5*r + 3*a - 67, 2*r - a = 41. What are the prime factors of r?
2, 11
Suppose -2*o = 4*i - 138, -1 - 8 = -3*o. List the prime factors of i.
3, 11
Suppose -5*v + 6 = 2*a, v - 4*a - 3 = -5*a. Let n = v - -2. Let w = n - -17. What are the prime factors of w?
19
Let k = 8 - 20. Let i = k + 21. What are the prime factors of i?
3
Suppose 0 = 3*x + 2*h + 734, -4 = h + 3*h. Let p be x/(-10) - 2/5. Let n = -13 + p. List the prime factors of n.
11
Let k be ((-80)/(-30))/((-4)/(-30)). Let h = k + -7. List the prime factors of h.
13
Suppose 0 = 2*d + 2. Let b be d/4 - (-13)/4. Suppose -b = -3*s + 3. List the prime factors of s.
2
Suppose -16 = 4*p + 2*d, -5 = -p + 4*d - 0. Let y = p + 8. Let k = -2 + y. What are the prime factors of k?
3
Let l(r) = 70*r**2 + r. List the prime factors of l(-1).
3, 23
Let h(k) = -3*k + 2. Let q be (3/6)/(1/(-20)). Let d = q - -7. List the prime factors of h(d).
11
Let j be 8/(-36) + 400/18. Let r = j + -10. Suppose 3*b - 24 = r. What are the prime factors of b?
2, 3
Let j = 30 + 97. What are the prime factors of j?
127
Suppose 3*n - 15 = 3*j - 0*j, 0 = -2*j - 8. List the prime factors of ((-98)/42)/(n/(-9)).
3, 7
Suppose 2*n + 2*n + 5 = -g, 0 = -g - 2*n - 1. Suppose 3*d + 7 = s + 21, -g*d + 6 = 3*s. Suppose d*z = -z + 35. What are the prime factors of z?
7
Let o be (-14)/8*8/(-2). Let r(z) = z**3 - 8*z**2 + 7*z + 2. Let v be r(o). Suppose v*m - 22 = -0*m. What are the prime factors of m?
11
Suppose 5*y - y - 204 = 0. What are the prime factors of y?
3, 17
Suppose 108 = 3*h - 78. What are the prime factors of h?
2, 31
Suppose 0*x + 150 = 2*x + 2*p, 5*x = 3*p + 407. List the prime factors of x.
79
Let a(h) = -6 - h + h - 2*h. Let l be a(-5). Suppose 2*q - 47 = -5*b, 4*b - 22 = -l*q + 42. What are the prime factors of q?
11
Suppose -3*z + 2 = -2*z. Suppose g = z*g + 11. What are the prime factors of g/1*(-1 - 0)?
11
Suppose 0 = -3*a + 4*k - 20, -2*k = -0*k - 4. Let q = 4 + a. Suppose -3*f - 2*f + 55 = q. List the prime factors of f.
11
List the prime factors of 374 - -10*(-2 - 24/(-10)).
2, 3, 7
Let j(b) = b + 1 - 6*b + b**2 - 3*b + 7*b. What are the prime factors of j(-3)?
13
Let r(n) = -21*n - 10. List the prime factors of r(-2).
2
Let n(k) = 2*k**2 + k - 3. Let w(x) = x**2 - 1. Let g(u) = -2*n(u) + 5*w(u). Let r(i) be the first derivative of g(i). List the prime factors of r(2).
2
Let y = 165 - 99. List the prime factors of y.
2, 3, 11
Suppose 2*g - 4*g = -8. Let t = 6 - g. What are the prime factors of t?
2
Let t(k) = -13*k**2 + 3*k. Let c be t(2). Let j = c - -71. Suppose 0*p - 1 = q + 3*p, 0 = -3*q - 2*p + j. List the prime factors of q.
11
Let a = -5 + 13. Let c = 28 - a. What are the prime factors of c?
2, 5
Let t be (-3)/((-1)/(4/(-2))). List the prime factors of (-9)/(-1 - 3/t).
2, 3
Let j(x) = -x**2 + 54. Let p be j(0). Suppose 2*u - p - 8 = 0. Suppose 53 = 3*h + 2*q, 4*h = 3*h - 4*q + u. List the prime factors of h.
3, 5
Let l(x) be the third derivative of x**6/360 - x**5/30 - x**4/8 - x**3/2 + x**2. Let f(j) be the first derivative of l(j). List the prime factors of f(5).
2
Suppose -4*f - 4 = 5*u - 3, 4*f + 22 = 2*u. Suppose -g + u = 6. What are the prime factors of 3/(3/(-27)*g)?
3
List the prime factors of 1 - (-19 - (-9)/(-3)).
23
Suppose -2*s + 3*z - 18 = -4*s, -3*z - 6 = -2*s. Suppose 0 = k + k + 3*c - 35, 2*c + s = 0. What are the prime factors of k?
2, 11
Let m(r) = 25*r - 7. List the prime factors of m(2).
43
Let u be 1 - (-2 - 10) - -1. Let k = 28 - u. What are the prime factors of -1 + k - 2/1?
11
Let f = -3 + 8. Let j = 19 - f. What are the prime factors of j?
2, 7
What are the prime factors of (0 - 148)*(45/(-10) + 4)?
2, 37
Suppose -4*z - 4*i + 80 = 0, -4*z + 36 = -3*z + 5*i. Suppose 5*b + 6 - z = 0. What are the prime factors of b?
2
Let g = 6 - 3. Suppose u - g*v + 4 = -3, -4*u + 5*v = 21. What are the prime factors of u/18 + 80/36?
2
List the prime factors of 53/1 - (7 + -3).
7
Suppose -5*r + 22 = 2. Suppose r*k = 4*b - 4, -5*b - 4*k = -7*k - 7. Suppose b - 29 = -3*z. What are the prime factors of z?
3
Let q(h) = -h + 2. Let x be q(1). Let m be x*10 - 1 - 2. Suppose -19 = -3*l - m. List the prime factors of l.
2
What are the prime factors of (34/4)/(10/20)?
17
Let d = 155 + 10. What are the prime factors of d?
3, 5, 11
Let j(h) = h**3 + 6*h**2 - 9*h - 8. Let y be j(-7). Let b = 28 - 3. Suppose -q = -y*q + b. What are the prime factors of q?
5
Let y(b) = -b - 7. Let x be y(-9). Suppose x*p = -p. Suppose -h - h + 14 = p. List the prime factors of h.
7
Suppose -f - 3*y + 924 = 2*f, -f + 2*y + 311 = 0. What are the prime factors of f?
3, 103
Let o be 22/8 - (-3)/(-4). Suppose -o*x + s + 13 = 0, -23 = -2*x - 2*s + 5*s. List the prime factors of x.
2
Let v be ((-106)/6)/((-3)/(-9)). Let s = v + 78. List the prime factors of s.
5
Suppose 4*l - 5 = -b, -l = -5*b + 4*l. Suppose -3*v - b = c, -5 = c - v + 4. What are the prime factors of (c - -2)*(-3 - -2)?
5
Let m(f) = -f**3 + 8*f**2 - 9*f + 5. List the prime factors of m(6).
23
Let c(k) = k**2 - k + 35. List the prime factors of c(0).
5, 7
Suppose 0*t - t + 51 = 5*s, 0 = -2*s + 6. List the prime factors of t.
2, 3
Let t = -1 + 1. Let x = t - -1. List the prime factors of ((-6)/10)/(x/(-5)).
3
Let y = -76 + 120. List the prime factors of y.
2, 11
Let f = -10 + 11. Suppose 4*m = -21 + f, 5*a - 100 = -2*m. Suppose 0 = 2*o - a + 2. What are the prime fact